8
Convert -10 (base 16) to base 2.
-10000
What is 11 (base 4) in base 7?
5
0 (base 2) to base 15
0
What is -a (base 16) in base 12?
-a
Convert 2 (base 3) to base 14.
2
Convert 10 (base 3) to base 9.
3
Convert -1110 (base 2) to base 9.
-15
What is 1 (base 16) in base 6?
1
57 (base 9) to base 6
124
Convert 3 (base 13) to base 7.
3
-5 (base 13) to base 14
-5
Convert 3 (base 6) to base 8.
3
-15 (base 11) to base 16
-10
Convert 38 (base 12) to base 9.
48
Convert -11 (base 2) to base 6.
-3
Convert 11001 (base 2) to base 6.
41
-5 (base 8) to base 5
-10
What is 1 (base 10) in base 14?
1
What is 2 (base 13) in base 6?
2
What is -23 (base 11) in base 2?
-11001
Convert 211 (base 3) to base 10.
22
1013 (base 5) to base 12
b1
What is 10 (base 7) in base 3?
21
What is 7 (base 12) in base 7?
10
Convert 7 (base 12) to base 15.
7
What is 10 (base 2) in base 14?
2
Convert 4 (base 11) to base 5.
4
What is 373 (base 10) in base 12?
271
What is 1a (base 14) in base 10?
24
3 (base 10) to base 9
3
What is 22 (base 4) in base 2?
1010
What is -543 (base 7) in base 3?
-101020
Convert -147 (base 11) to base 5.
-1142
What is -b (base 15) in base 16?
-b
Convert -2 (base 4) to base 7.
-2
What is 111 (base 2) in base 16?
7
-10010 (base 2) to base 9
-20
What is 16 (base 10) in base 6?
24
Convert 7 (base 15) to base 8.
7
Convert -2 (base 14) to base 4.
-2
What is -2b (base 16) in base 11?
-3a
What is -102 (base 7) in base 8?
-63
1 (base 5) to base 4
1
23 (base 12) to base 16
1b
What is -16 (base 8) in base 7?
-20
Convert 30 (base 5) to base 7.
21
-8 (base 11) to base 5
-13
-34 (base 5) to base 9
-21
What is 211 (base 4) in base 15?
27
What is 1a (base 16) in base 11?
24
What is -3 (base 11) in base 9?
-3
Convert 2 (base 10) to base 7.
2
What is 5 (base 7) in base 15?
5
-5 (base 15) to base 8
-5
-2 (base 9) to base 4
-2
-28 (base 15) to base 6
-102
-1 (base 9) to base 14
-1
What is 12 (base 16) in base 11?
17
What is 56 (base 10) in base 12?
48
What is 56 (base 7) in base 10?
41
-1133 (base 4) to base 11
-87
Convert -2 (base 6) to base 3.
-2
-101101 (base 2) to base 8
-55
-1 (base 14) to base 4
-1
What is -40 (base 5) in base 11?
-19
10 (base 4) to base 5
4
Convert -13 (base 8) to base 16.
-b
-4 (base 6) to base 11
-4
66 (base 7) to base 11
44
Convert -12 (base 16) to base 8.
-22
What is 4 (base 6) in base 9?
4
What is -34 (base 14) in base 9?
-51
Convert -39 (base 16) to base 8.
-71
What is 112 (base 6) in base 14?
32
10 (base 5) to base 11
5
Convert -2 (base 14) to base 4.
-2
What is -12 (base 15) in base 11?
-16
Convert -4c (base 15) to base 5.
-242
What is 202 (base 8) in base 2?
10000010
-7 (base 15) to base 5
-12
What is -6 (base 14) in base 15?
-6
Convert -33 (base 11) to base 15.
-26
0 (base 5) to base 10
0
1 (base 5) to base 13
1
1 (base 11) to base 3
1
What is -2 (base 8) in base 9?
-2
What is -7 (base 8) in base 2?
-111
What is -1 (base 7) in base 4?
-1
What is -11 (base 2) in base 12?
-3
Convert 2 (base 15) to base 5.
2
44 (base 6) to base 8
34
4 (base 15) to base 9
4
What is 110 (base 2) in base 5?
11
-8 (base 15) to base 12
-8
Convert -84 (base 9) to base 7.
-136
What is -23 (base 4) in base 9?
-12
a0 (base 12) to base 15
80
Convert 1021 (base 3) to base 8.
42
0 (base 8) to base 4
0
What is -27 (base 12) in base 8?
-37
Convert -20 (base 15) to base 16.
-1e
-13 (base 7) to base 3
-101
Convert 4 (base 12) to base 4.
10
4 (base 11) to base 14
4
What is 29 (base 11) in base 9?
34
Convert 10 (base 13) to base 5.
23
Convert -43 (base 13) to base 11.
-50
Convert 1233 (base 4) to base 15.
76
110 (base 5) to base 4
132
What is 201 (base 3) in base 2?
10011
What is 2e (base 16) in base 13?
37
-1b (base 15) to base 11
-24
Convert -132 (base 7) to base 12.
-60
Convert -11001 (base 3) to base 16.
-6d
a0 (base 11) to base 13
86
What is 4 (base 8) in base 6?
4
What is -1001000 (base 2) in base 9?
-80
What is 12 (base 3) in base 2?
101
-1100 (base 2) to base 5
-22
What is 11111 (base 4) in base 11?
290
Convert -224 (base 7) to base 4.
-1310
Convert -1321 (base 4) to base 2.
-1111001
Convert 6 (base 13) to base 10.
6
What is -212 (base 3) in base 15?
-18
What is 7 (base 16) in base 14?
7
112 (base 14) to base 5
1322
Convert -9 (base 16) to base 14.
-9
What is 6 (base 12) in base 2?
110
Convert 10 (base 11) to base 16.
b
What is 22 (base 14) in base 3?
1010
Convert -7 (base 9) to base 6.
-11
What is 12 (base 3) in base 13?
5
What is 10 (base 4) in base 14?
4
What is 1 (base 7) in base 6?
1
What is -8 (base 12) in base 14?
-8
Convert 10 (base 4) to base 6.
4
Convert -25 (base 15) to base 12.
-2b
112 (base 3) to base 5
24
Convert 4 (base 14) to base 4.
10
Convert 18 (base 15) to base 3.
212
Convert -1102 (base 3) to base 2.
-100110
Convert -a (base 16) to base 3.
-101
Convert -64 (base 9) to base 14.
-42
-30 (base 5) to base 4
-33
-3 (base 16) to base 4
-3
Convert -101 (base 5) to base 8.
-32
What is -2 (base 3) in base 7?
-2
What is -1a (base 12) in base 7?
-31
What is -2 (base 8) in base 3?
-2
0 (base 14) to base 4
0
2 (base 8) to base 6
2
What is -9 (base 15) in base 12?
-9
111 (base 4) to base 13
18
What is -58 (base 12) in base 9?
-75
What is -9 (base 16) in base 8?
-11
What is -181 (base 16) in base 8?
-601
Convert -59 (base 12) to base 15.
-49
-b (base 14) to base 6
-15
-133 (base 15) to base 2
-100010001
Convert -4 (base 8) to base 16.
-4
What is -30 (base 15) in base 4?
-231
Convert 16 (base 14) to base 4.
110
22 (base 4) to base 12
a
What is -15 (base 9) in base 2?
-1110
What is 0 (base 6) in base 10?
0
-12 (base 13) to base 11
-14
11 (base 14) to base 12
13
-2 (base 14) to base 12
-2
What is -11 (base 2) in base 15?
-3
Convert -5 (base 7) to base 10.
-5
Convert 1110101 (base 2) to base 5.
432
-70 (base 12) to base 9
-103
What is -2 (base 16) in base 13?
-2
What is -120 (base 7) in base 6?
-143
Convert -2323 (base 4) to base 11.
-160
What is -3 (base 6) in base 9?
-3
-177 (base 8) to base 11
-106
What is 131 (base 5) in base 13?
32
5 (base 8) to base 13
5
11 (base 11) to base 8
14
What is 332 (base 6) in base 3?
11202
Convert 1a8 (base 11) to base 8.
357
Convert -d (base 14) to base 4.
-31
Convert 121 (base 6) to base 8.
61
Convert -1d (base 14) to base 3.
-1000
Convert -28 (base 14) to base 7.
-51
What is -213 (base 4) in base 13?
-30
-11 (base 8) to base 10
-9
-309 (base 12) to base 2
-110111001
What is 344 (base 5) in base 16?
63
26 (base 7) to base 4
110
2 (base 3) to base 15
2
-14 (base 8) to base 11
-11
What is 35 (base 9) in base 3?
1012
7 (base 15) to base 3
21
30 (base 9) to base 2
11011
What is 3 (base 10) in base 13?
3
Convert -10111 (base 2) to base 7.
-32
What is 121 (base 4) in base 14?
1b
Convert 1 (base 16) to base 11.
1
-18 (base 9) to base 6
-25
Convert b (base 13) to base 10.
11
Convert 5 (base 11) to base 14.
5
Convert -103 (base 10) to base 12.
-87
What is c (base 14) in base 13?
c
1 (base 8) to base 7
1
6 (base 11) to base 14
6
What is b8 (base 12) in base 6?
352
What is -2020 (base 5) in base 16?
-104
Convert -3 (base 6) to base 8.
-3
0 (base 5) to base 4
0
Convert 8 (base 11) to base 10.
8
-16 (base 15) to base 13
-18
What is -1101 (base 2) in base 4?
-31
What is 203 (base 4) in base 15?
25
What is 2 (base 11) in base 7?
2
3 (base 8) to base 6
3
Convert -54 (base 6) to base 12.
-2a
b (base 14) to base 12
b
Convert 1 (base 15) to base 9.
1
Convert -241 (base 6) to base 7.
-166
What is -47 (base 14) in base 7?
-120
Convert 18 (base 15) to base 8.
27
What is 8 (base 15) in base 12?
8
What is -13 (base 6) in base 14?
-9
Convert -66 (base 9) to base 8.
-74
What is 4 (base 16) in base 11?
4
Convert 105 (base 6) to base 13.
32
Convert 196 (base 10) to base 16.
c4
What is -1 (base 6) in base 11?
-1
Convert -2 (base 16) to base 11.
-2
-11 (base 4) to base 11
-5
What is 3 (base 14) in base 8?
3
Convert -14 (base 6) to base 9.
-11
What is -50 (base 14) in base 9?
-77
Convert -44 (base 8) to base 5.
-121
2 (base 7) to base 3
2
Convert -132 (base 9) to base 15.
-75
0 (base 6) to base 9
0
0 (base 15) to base 2
0
82 (base 9) to base 12
62
Convert 3 (base 10) to base 5.
3
What is 1 (base 8) in base 2?
1
0 (base 14) to base 13
0
What is 1 (base 2) in base 5?
1
What is 261 (base 7) in base 13?
ab
Convert -2 (base 3) to base 5.
-2
-6 (base 16) to base 3
-20
Conve